ose 23*j = 21*j. Let g be (-2 - j)/(2/(-6)). Calculate the greatest common factor of g and 6.
6
Let f be (-1)/4 - (-162)/8. Suppose 0 = v - 5*b - 25, -5*v + 205 = -v + b. Calculate the greatest common factor of f and v.
10
Let y be (-8)/(-24) - 70/(-6). Suppose 0 = 2*v - 5*z - 81, 4*v - z - 186 = z. What is the highest common factor of y and v?
12
Let f be 2/8 - 351/(-4). Suppose -4*q + 12 = -24. Let s = q + -1. Calculate the greatest common divisor of s and f.
8
Let a = 43 - 25. What is the greatest common divisor of a and 27?
9
Suppose -81 = 3*w - 6*w. Let j = w - -13. Let a(h) = h**2 + 3*h - 5. Let o be a(-5). What is the greatest common factor of o and j?
5
Suppose -2*i + 52 = 2*h, 2*i - 32 = i + h. Suppose t - i - 36 = 0. What is the highest common divisor of t and 13?
13
Let y(w) = 8*w**2 + 3*w - 4. Let t be y(3). Let k be (1/3)/(2/66). Calculate the highest common divisor of k and t.
11
Let v = -68 + 95. Calculate the greatest common divisor of v and 36.
9
Suppose 0 = -4*r + r + 3. Let y = 4 + -1. Let n(l) = l + 4. Let q be n(y). Calculate the highest common divisor of q and r.
1
Suppose 2*k = k - 3. Let w(t) be the third derivative of -t**6/120 - t**5/30 - t**3/6 + t**2. Let f be w(k). What is the highest common divisor of 72 and f?
8
Suppose 2*w - 459 = 17. Suppose -4*q + 6*q = w. Calculate the greatest common divisor of 17 and q.
17
Let y(k) = -5*k**3 + 2*k - 1. Let r be y(2). Let z = r - -56. What is the highest common factor of z and 38?
19
Let l(w) = w**3 + 6*w**2 - 11*w - 8. Let p be l(-7). What is the greatest common factor of p and 160?
20
Let b be 76/4*(-2 - -3). What is the highest common divisor of b and 76?
19
Let d be (260/25)/(1/5). What is the greatest common factor of 13 and d?
13
Let b = -21 - -41. What is the greatest common divisor of b and 10?
10
Suppose -2*c + 75 = -5*b, -c - 2*b = -5*c + 142. Let l be (-2 + 1)/((-1)/7). What is the highest common factor of c and l?
7
Let a(g) = -2*g**3 - 7*g**2 - 7*g. Let w be a(-5). What is the highest common factor of 10 and w?
10
Let d(h) = 35*h**2 + 3*h - 4. Let m be d(-2). Calculate the highest common divisor of m and 10.
10
Let k(a) = -18*a - 10. Let o be k(-5). What is the highest common factor of o and 16?
16
Suppose t = -0*t - 5*d + 23, 0 = 2*t + 2*d - 22. Suppose -1 = 4*o + 7, 4*o = c - 48. What is the greatest common factor of t and c?
8
Let t be (-6810)/(-80) + (-1)/8. What is the greatest common factor of t and 34?
17
Let l = -10 + 12. Suppose 7*n = l*n + 75. What is the highest common factor of 6 and n?
3
Let y = 102 + -58. What is the greatest common factor of 110 and y?
22
Suppose 0*q - q = -3. Suppose q*b + 0*l - 2*l = 42, 12 = 2*b + 4*l. Let k = -7 - -11. What is the greatest common factor of b and k?
4
Let p(q) = -3*q + 0 - q + 5 - q**2 + 2. Let m be p(-5). Calculate the greatest common factor of m and 8.
2
Let q(s) = -5 - 2*s - 1 - s + 0. Let p be q(-5). Suppose -51 = -4*g + 5*o, 21 = 2*g - 4*o - p. Calculate the highest common divisor of 45 and g.
9
Suppose -4*x + 2*l = 410, -x - 405 = 3*x - l. Let v = x + 145. What is the highest common divisor of 5 and v?
5
Suppose 3*b = -4*g + 71, -b = -2*g - 2*b + 33. Calculate the highest common factor of g and 2.
2
Let w be (-74)/(-6) - (-2)/(-6). Suppose -5*v - 5*z = -170, 0*z - 80 = -2*v + 4*z. What is the highest common divisor of v and w?
12
Let z be (9/2)/((-3)/(-4)). Let c be (3 - 26/8)*-4*15. Calculate the highest common factor of c and z.
3
Let h(i) = 5*i - 22. Let t be h(5). What is the highest common divisor of t and 3?
3
Suppose 0*z + 5*v = z + 23, -2*v + 23 = -5*z. Let j be (z/(-1) + -3)/(-3). Suppose 2*l - 21 - 5 = j. Calculate the greatest common factor of l and 104.
13
Let u be 66/5 + (-1)/5. Let y be (-1 - 1)*(-91)/14. Calculate the highest common divisor of u and y.
13
Let g be -5*(1 + -2)/1. Suppose g*l + t = 10, -4*l + 2*t = -7*l + 6. Suppose -v = l*v - 57. Calculate the greatest common divisor of v and 38.
19
Let l = -3 - 1. Let b be 3*l/(-18)*-6. Let g be -2*b/(24/9). What is the highest common factor of g and 6?
3
Suppose 0 = 3*v - 17 - 1. Suppose d + d = v. Suppose -d*j + 16 = -j. Calculate the greatest common divisor of j and 56.
8
Let g = 872 - 620. Calculate the greatest common divisor of g and 36.
36
Let m(w) = 19*w**3 - 3*w**2 + 5*w - 5. Let z be m(2). What is the greatest common divisor of z and 58?
29
Let g be 2/3*10*(-486)/(-135). Calculate the highest common factor of g and 144.
24
Let m be (2 - 21)*(3 + -4). Calculate the highest common divisor of 209 and m.
19
Let g = 76 + -73. What is the highest common factor of 21 and g?
3
Let r be -3 - 152/(-20) - (-4)/10. What is the highest common divisor of r and 60?
5
Suppose -5*i = -46 - 19. What is the greatest common factor of 221 and i?
13
Let j be (-406)/(-42) - 2/3. What is the greatest common divisor of 9 and j?
9
Let d = -5 - -4. Let k be (-1 + 22)*d/(-3). What is the greatest common divisor of k and 21?
7
Let z = -30 + 70. What is the highest common factor of 24 and z?
8
Let r(n) = -n + 36. Let z be r(18). Calculate the highest common factor of 45 and z.
9
Let m = -1 - -3. Suppose 0 = -m*o + 6*o + 104. Let t = -16 - o. What is the highest common divisor of t and 2?
2
Let t(d) = d**2 - 4. Let s be t(-3). Suppose 0 = s*f - 3 - 2. Suppose 2*b - 5*g - 20 = 0, -b - 3*g - 1 = -0*g. Calculate the greatest common factor of b and f.
1
Suppose 3*b = -3*s + 63, 2*b = s + 4*s + 35. Let u be 124/6*(-1 + -2). Let a = 112 + u. Calculate the greatest common factor of a and b.
10
Suppose p + 9 = -2*p. Let r be 6/4*(-16)/p. Calculate the highest common divisor of r and 88.
8
Suppose -5*g + g + 48 = 3*f, 4*f + 11 = 3*g. Let p(d) = d**2 - 3*d - 7. Let x be p(-7). Calculate the highest common factor of g and x.
9
Suppose 95 = -2*m + 3*m. Suppose -m = -2*o + o - 3*t, t - 215 = -2*o. Let j = 33 + -22. Calculate the greatest common factor of o and j.
11
Let v be (-608)/(-104) - (-4)/26. Suppose v*r - 3*r - 39 = 0. What is the highest common divisor of 65 and r?
13
Let p(h) = h**3 - 14*h**2 - 3*h - 19. Let y(d) = 7*d**2 + 2*d + 10. Let o(r) = 3*p(r) + 5*y(r). Let v be o(5). What is the greatest common divisor of v and 18?
18
Suppose -7*n = -3*n, 5*v + 3*n - 220 = 0. What is the greatest common divisor of v and 66?
22
Suppose -4*n + 12 = -0*n. Let b(z) = 9*z**2 - z - 1. Suppose -3 + 1 = 2*u. Let f be b(u). What is the highest common divisor of f and n?
3
Let v(g) = 2*g**2 + 2. Let q be v(8). Let b = 7 + 6. What is the greatest common divisor of q and b?
13
Suppose a - 68 = 67. What is the greatest common divisor of a and 27?
27
Suppose -4*o + 123 + 5 = 0. Let m be 25/2*o/20. What is the highest common divisor of m and 50?
10
Suppose h = -c + 25 + 3, 0 = 5*h + c - 136. Let r(q) = 3*q**3 - q**2 - 2. Let s be r(2). Suppose i + 0 = s. What is the highest common factor of h and i?
9
Suppose -10 + 0 = 5*m. Let c(j) = -2*j**2 - j + 2. Let g be c(m). Let p = g - -9. Calculate the highest common factor of 40 and p.
5
Let o = 3 - 3. Suppose -5*s - 15 + 110 = o. Calculate the highest common factor of s and 171.
19
Suppose 0 = -12*m - 4*m + 512. Calculate the greatest common divisor of m and 288.
32
Let o = 153 - 88. Suppose 3*n - n - 31 = -l, -4*n + o = 5*l. Calculate the greatest common factor of n and 3.
3
Let d be 4/26 + (-6)/39. Suppose d = -n + 2 + 44. Let j = n + -22. Calculate the greatest common factor of j and 60.
12
Let n be ((-15)/6)/(1*1/(-12)). Let f(m) = 19*m**3 + m**2. Let g be f(1). Calculate the greatest common factor of g and n.
10
Let k(a) = 1 - 7*a**2 - a**3 - 4*a + 0*a**3 + 3*a. Let u be k(-7). Calculate the highest common factor of u and 12.
4
Let j be 2/((-98)/25 + 4). Calculate the highest common factor of 225 and j.
25
Let x = 7 + 12. What is the greatest common divisor of x and 171?
19
Let h = 257 - 65. What is the greatest common divisor of h and 24?
24
Let r be (21 - -1)/2 + -1. Let m be (-3)/(4 + -1 - 4). Suppose -5*q - m*p - 53 = -468, 2*q - 3*p - 145 = 0. Calculate the greatest common factor of r and q.
10
Suppose u + 2 = 2*u. Let p be 31*((-2)/u)/(-1). Suppose -5*d + 44 + p = -3*z, 0 = -d + 3*z + 27. What is the highest common factor of d and 24?
12
Suppose -5*a + 59 = -51. Suppose 3*m - 2*i + 0*i - 52 = 0, 2*m + 5*i - a = 0. What is the